{"id":785,"date":"2025-04-28T11:30:21","date_gmt":"2025-04-28T11:30:21","guid":{"rendered":"https:\/\/napihljivaigrala.si\/?post_type=product&#038;p=785"},"modified":"2025-09-04T09:55:00","modified_gmt":"2025-09-04T09:55:00","slug":"igralo-disney","status":"publish","type":"product","link":"https:\/\/napihljivaigrala.si\/?product=igralo-disney","title":{"rendered":"Igralo Disney"},"content":{"rendered":"<p><img decoding=\"async\" class=\"\" style=\"width: 42px; height: 42px; margin-right: 8px;\" src=\"https:\/\/cdn-icons-png.freepik.com\/256\/17393\/17393073.png?ga=GA1.1.1836021500.1745700985&amp;semt=ais_hybrid\" alt=\"Icon\" \/>10 x 5 x 6 m<\/p>\n<p>Primerno za okoli 15 otrok od 4 let naprej.<\/p>\n<p>Maksimalna obremenitev 650 kg.<\/p>\n","protected":false},"excerpt":{"rendered":"<p>Vstopite v pravlji\u010dni svet Disneya, kjer vas pri\u010dakujejo najbolj priljubljeni junaki! Plezajte, ska\u010dite in se spu\u0161\u010dajte po toboganu v \u010dudovitem pisanem okolju polnem zabave in \u010darovnije.<\/p>\n","protected":false},"featured_media":786,"comment_status":"open","ping_status":"closed","template":"","meta":{"inline_featured_image":false},"product_brand":[],"product_cat":[15],"product_tag":[],"class_list":{"0":"post-785","1":"product","2":"type-product","3":"status-publish","4":"has-post-thumbnail","6":"product_cat-igrala","8":"first","9":"instock","10":"sold-individually","11":"taxable","12":"shipping-taxable","13":"purchasable","14":"product-type-backhoe_bookin_product"},"_links":{"self":[{"href":"https:\/\/napihljivaigrala.si\/index.php?rest_route=\/wp\/v2\/product\/785","targetHints":{"allow":["GET"]}}],"collection":[{"href":"https:\/\/napihljivaigrala.si\/index.php?rest_route=\/wp\/v2\/product"}],"about":[{"href":"https:\/\/napihljivaigrala.si\/index.php?rest_route=\/wp\/v2\/types\/product"}],"replies":[{"embeddable":true,"href":"https:\/\/napihljivaigrala.si\/index.php?rest_route=%2Fwp%2Fv2%2Fcomments&post=785"}],"wp:featuredmedia":[{"embeddable":true,"href":"https:\/\/napihljivaigrala.si\/index.php?rest_route=\/wp\/v2\/media\/786"}],"wp:attachment":[{"href":"https:\/\/napihljivaigrala.si\/index.php?rest_route=%2Fwp%2Fv2%2Fmedia&parent=785"}],"wp:term":[{"taxonomy":"product_brand","embeddable":true,"href":"https:\/\/napihljivaigrala.si\/index.php?rest_route=%2Fwp%2Fv2%2Fproduct_brand&post=785"},{"taxonomy":"product_cat","embeddable":true,"href":"https:\/\/napihljivaigrala.si\/index.php?rest_route=%2Fwp%2Fv2%2Fproduct_cat&post=785"},{"taxonomy":"product_tag","embeddable":true,"href":"https:\/\/napihljivaigrala.si\/index.php?rest_route=%2Fwp%2Fv2%2Fproduct_tag&post=785"}],"curies":[{"name":"wp","href":"https:\/\/api.w.org\/{rel}","templated":true}]}}